he remainder when 2331609 is divided by 769.
1
Calculate the remainder when 283280 is divided by 248.
64
What is the remainder when 44134 is divided by 7927?
4499
Calculate the remainder when 54459952 is divided by 182.
92
Calculate the remainder when 108662 is divided by 4019.
149
Calculate the remainder when 3139799 is divided by 1076.
31
Calculate the remainder when 359653 is divided by 930.
673
What is the remainder when 8470025 is divided by 26?
5
Calculate the remainder when 9464920 is divided by 270425.
45
What is the remainder when 81007578 is divided by 4765151?
11
What is the remainder when 189678 is divided by 94475?
728
What is the remainder when 7348676 is divided by 1370?
1366
What is the remainder when 4253850 is divided by 46?
0
Calculate the remainder when 744504 is divided by 19473.
4530
Calculate the remainder when 7350608 is divided by 3675295.
18
What is the remainder when 1088942 is divided by 272204?
126
Calculate the remainder when 49757622 is divided by 1.
0
Calculate the remainder when 2786188 is divided by 2122.
2
Calculate the remainder when 21275770 is divided by 22.
10
Calculate the remainder when 95097721 is divided by 2329.
2322
What is the remainder when 51127971 is divided by 38?
35
Calculate the remainder when 19621 is divided by 876.
349
What is the remainder when 3782975 is divided by 36?
23
Calculate the remainder when 15184775 is divided by 3996.
3971
What is the remainder when 824306 is divided by 214?
192
Calculate the remainder when 942803 is divided by 216.
179
What is the remainder when 186126 is divided by 62021?
63
Calculate the remainder when 4784302 is divided by 61337.
16
What is the remainder when 1234891 is divided by 22451?
86
Calculate the remainder when 310275054 is divided by 4459.
4457
What is the remainder when 12426902 is divided by 271?
197
Calculate the remainder when 14142421 is divided by 761.
758
Calculate the remainder when 175704 is divided by 23.
7
What is the remainder when 43175 is divided by 485?
10
What is the remainder when 210178598 is divided by 1150?
1148
What is the remainder when 68910 is divided by 1723?
1713
Calculate the remainder when 868800 is divided by 1810.
0
Calculate the remainder when 17145515 is divided by 102.
29
What is the remainder when 47416682 is divided by 191?
168
Calculate the remainder when 6730497 is divided by 750.
747
Calculate the remainder when 5646998 is divided by 215.
23
Calculate the remainder when 16174 is divided by 470.
194
What is the remainder when 105591 is divided by 4394?
135
What is the remainder when 1789837 is divided by 583?
27
What is the remainder when 6562109 is divided by 1565?
64
What is the remainder when 722359 is divided by 244?
119
Calculate the remainder when 3228462 is divided by 5426.
5418
Calculate the remainder when 320126 is divided by 319979.
147
Calculate the remainder when 12231801 is divided by 128.
121
Calculate the remainder when 1422109 is divided by 707902.
6305
Calculate the remainder when 11716655 is divided by 56.
55
Calculate the remainder when 15719 is divided by 13422.
2297
What is the remainder when 191504 is divided by 369?
362
What is the remainder when 41003121 is divided by 120?
81
Calculate the remainder when 94832 is divided by 15800.
32
What is the remainder when 5799515 is divided by 131?
14
What is the remainder when 17862142 is divided by 29?
27
Calculate the remainder when 49778143 is divided by 127.
112
What is the remainder when 9186463 is divided by 16?
15
Calculate the remainder when 564728 is divided by 51.
5
Calculate the remainder when 645400 is divided by 458.
78
What is the remainder when 89080 is divided by 9860?
340
What is the remainder when 17149324 is divided by 117?
49
What is the remainder when 1238839 is divided by 1962?
817
What is the remainder when 1964935 is divided by 3342?
3181
What is the remainder when 10171470 is divided by 5085735?
0
What is the remainder when 27328970 is divided by 531?
524
What is the remainder when 373320 is divided by 67?
63
Calculate the remainder when 184682 is divided by 327.
254
What is the remainder when 1247390 is divided by 30?
20
What is the remainder when 42878744 is divided by 3?
2
What is the remainder when 9366305 is divided by 1616?
1585
Calculate the remainder when 588856 is divided by 16356.
40
Calculate the remainder when 9029312 is divided by 27.
26
Calculate the remainder when 81733 is divided by 5495.
4803
Calculate the remainder when 19052 is divided by 4628.
540
Calculate the remainder when 540662 is divided by 77237.
3
What is the remainder when 87042 is divided by 28?
18
What is the remainder when 153308 is divided by 6629?
841
Calculate the remainder when 4406227 is divided by 52455.
7
What is the remainder when 21988 is divided by 565?
518
What is the remainder when 124573 is divided by 12448?
93
What is the remainder when 4055799350 is divided by 22?
20
Calculate the remainder when 2190613 is divided by 693.
40
What is the remainder when 17680 is divided by 571?
550
Calculate the remainder when 17312186 is divided by 735.
731
Calculate the remainder when 121398286 is divided by 2838.
2836
What is the remainder when 7387242 is divided by 3693617?
8
What is the remainder when 782967 is divided by 782365?
602
What is the remainder when 80558 is divided by 26794?
176
What is the remainder when 244606 is divided by 61054?
390
What is the remainder when 10086479 is divided by 99866?
13
What is the remainder when 7473930 is divided by 1449?
1437
Calculate the remainder when 176890 is divided by 978.
850
Calculate the remainder when 233458902 is divided by 14.
12
Calculate the remainder when 248876 is divided by 1264.
1132
Calculate the remainder when 63343 is divided by 3243.
1726
What is the remainder when 4100841 is divided by 162?
135
What is the remainder when 901666 is divided by 901612?
54
What is the remainder when 846304 is divided by 816?
112
Calculate the remainder when 385375 is divided by 128390.
205
Calculate the remainder when 109862 is divided by 21797.
877
Calculate the remainder when 235288 is divided by 4439.
21
What is the remainder when 21266558 is divided by 35?
33
What is the remainder when 119380207 is divided by 1181?
3
What is the remainder when 109796 is divided by 36067?
1595
What is the remainder when 21708883 is divided by 9156?
7
What is the remainder when 1019491 is divided by 5688?
1339
Calculate the remainder when 80393 is divided by 245.
33
Calculate the remainder when 744389 is divided by 117.
35
Calculate the remainder when 39654208 is divided by 426.
424
Calculate the remainder when 99782 is divided by 120.
62
Calculate the remainder when 393185 is divided by 480.
65
Calculate the remainder when 2162111 is divided by 46982.
939
What is the remainder when 1433751 is divided by 142?
119
Calculate the remainder when 2708233 is divided by 902732.
37
Calculate the remainder when 523450 is divided by 186.
46
What is the remainder when 1185731172 is divided by 1441?
1440
What is the remainder when 378392 is divided by 378354?
38
Calculate the remainder when 541845 is divided by 217.
213
What is the remainder when 666887 is divided by 166022?
2799
What is the remainder when 13758022 is divided by 110?
102
Calculate the remainder when 939148 is divided by 46957.
8
What is the remainder when 71341115 is divided by 13701?
8
Calculate the remainder when 951773 is divided by 158594.
209
Calculate the remainder when 497150 is divided by 164976.
2222
What is the remainder when 2695002 is divided by 43?
20
Calculate the remainder when 500659 is divided by 97228.
14519
Calculate the remainder when 490852 is divided by 77.
54
Calculate the remainder when 61883142 is divided by 85.
82
What is the remainder when 963253 is divided by 43780?
93
Calculate the remainder when 96905 is divided by 770.
655
Calculate the remainder when 364217 is divided by 16555.
7
Calculate the remainder when 113265 is divided by 3445.
3025
What is the remainder when 30802517 is divided by 78?
5
Calculate the remainder when 672491 is divided by 224106.
173
Calculate the remainder when 540307 is divided by 3105.
37
Calculate the remainder when 6793182 is divided by 4544.
4446
Calculate the remainder when 10408965 is divided